 divided by 15?
14
Calculate the remainder when 28728 is divided by 59.
54
Calculate the remainder when 474 is divided by 17.
15
What is the remainder when 1324 is divided by 330?
4
Calculate the remainder when 22 is divided by 16.
6
Calculate the remainder when 2537 is divided by 69.
53
Calculate the remainder when 144 is divided by 5.
4
What is the remainder when 6509 is divided by 11?
8
What is the remainder when 124 is divided by 61?
2
What is the remainder when 47 is divided by 8?
7
Calculate the remainder when 10535 is divided by 41.
39
What is the remainder when 363 is divided by 53?
45
Calculate the remainder when 730 is divided by 69.
40
Calculate the remainder when 58 is divided by 2.
0
Calculate the remainder when 146 is divided by 83.
63
What is the remainder when 6193 is divided by 21?
19
What is the remainder when 100 is divided by 94?
6
What is the remainder when 235 is divided by 44?
15
Calculate the remainder when 276 is divided by 8.
4
What is the remainder when 2762 is divided by 79?
76
What is the remainder when 7326 is divided by 10?
6
What is the remainder when 2959 is divided by 21?
19
What is the remainder when 2253 is divided by 46?
45
What is the remainder when 105 is divided by 84?
21
What is the remainder when 7035 is divided by 23?
20
What is the remainder when 1265 is divided by 157?
9
Calculate the remainder when 393 is divided by 20.
13
What is the remainder when 2155 is divided by 54?
49
What is the remainder when 183 is divided by 31?
28
What is the remainder when 350 is divided by 112?
14
Calculate the remainder when 988 is divided by 56.
36
Calculate the remainder when 97 is divided by 18.
7
Calculate the remainder when 108 is divided by 24.
12
What is the remainder when 1250 is divided by 57?
53
What is the remainder when 554 is divided by 111?
110
Calculate the remainder when 1848 is divided by 13.
2
Calculate the remainder when 6066 is divided by 164.
162
What is the remainder when 410 is divided by 59?
56
Calculate the remainder when 433 is divided by 139.
16
What is the remainder when 336 is divided by 117?
102
What is the remainder when 610 is divided by 162?
124
Calculate the remainder when 1369 is divided by 27.
19
Calculate the remainder when 1416 is divided by 244.
196
Calculate the remainder when 88 is divided by 6.
4
Calculate the remainder when 1951 is divided by 20.
11
What is the remainder when 2545 is divided by 13?
10
What is the remainder when 86 is divided by 52?
34
What is the remainder when 202 is divided by 102?
100
Calculate the remainder when 3397 is divided by 17.
14
What is the remainder when 652 is divided by 173?
133
What is the remainder when 38 is divided by 26?
12
What is the remainder when 63 is divided by 14?
7
What is the remainder when 6163 is divided by 121?
113
Calculate the remainder when 5912 is divided by 219.
218
Calculate the remainder when 109 is divided by 11.
10
Calculate the remainder when 55 is divided by 30.
25
Calculate the remainder when 76 is divided by 28.
20
Calculate the remainder when 635 is divided by 53.
52
What is the remainder when 2391 is divided by 92?
91
Calculate the remainder when 287 is divided by 149.
138
What is the remainder when 521 is divided by 7?
3
Calculate the remainder when 390 is divided by 88.
38
What is the remainder when 99 is divided by 16?
3
Calculate the remainder when 2012 is divided by 42.
38
Calculate the remainder when 6535 is divided by 1304.
15
Calculate the remainder when 328 is divided by 83.
79
What is the remainder when 4257 is divided by 850?
7
What is the remainder when 1008 is divided by 314?
66
What is the remainder when 1462 is divided by 98?
90
What is the remainder when 106 is divided by 50?
6
Calculate the remainder when 149 is divided by 9.
5
Calculate the remainder when 3835 is divided by 101.
98
Calculate the remainder when 46 is divided by 34.
12
What is the remainder when 193 is divided by 22?
17
What is the remainder when 88 is divided by 35?
18
What is the remainder when 308 is divided by 78?
74
Calculate the remainder when 1269 is divided by 106.
103
Calculate the remainder when 364 is divided by 93.
85
Calculate the remainder when 1820 is divided by 8.
4
Calculate the remainder when 2110 is divided by 88.
86
Calculate the remainder when 144 is divided by 42.
18
What is the remainder when 4479 is divided by 18?
15
What is the remainder when 266 is divided by 69?
59
What is the remainder when 3139 is divided by 41?
23
What is the remainder when 2108 is divided by 111?
110
What is the remainder when 5584 is divided by 43?
37
What is the remainder when 3461 is divided by 15?
11
What is the remainder when 518 is divided by 50?
18
What is the remainder when 571 is divided by 44?
43
Calculate the remainder when 17087 is divided by 32.
31
Calculate the remainder when 480 is divided by 13.
12
What is the remainder when 84 is divided by 45?
39
What is the remainder when 61 is divided by 18?
7
Calculate the remainder when 303 is divided by 108.
87
What is the remainder when 512 is divided by 9?
8
Calculate the remainder when 32 is divided by 16.
0
What is the remainder when 2047 is divided by 128?
127
Calculate the remainder when 2251 is divided by 57.
28
Calculate the remainder when 222 is divided by 45.
42
What is the remainder when 615 is divided by 28?
27
Calculate the remainder when 71 is divided by 18.
17
What is the remainder when 3707 is divided by 79?
73
Calculate the remainder when 628 is divided by 90.
88
Calculate the remainder when 31061 is divided by 15.
11
What is the remainder when 4668 is divided by 9?
6
What is the remainder when 130 is divided by 27?
22
What is the remainder when 279 is divided by 277?
2
Calculate the remainder when 489 is divided by 55.
49
What is the remainder when 1289 is divided by 52?
41
What is the remainder when 804 is divided by 15?
9
Calculate the remainder when 1342 is divided by 14.
12
What is the remainder when 1375 is divided by 17?
15
What is the remainder when 393 is divided by 16?
9
Calculate the remainder when 393 is divided by 36.
33
What is the remainder when 335 is divided by 184?
151
What is the remainder when 206 is divided by 40?
6
What is the remainder when 2433 is divided by 106?
101
Calculate the remainder when 7497 is divided by 250.
247
What is the remainder when 1008 is divided by 126?
0
Calculate the remainder when 6376 is divided by 2123.
7
What is the remainder when 952 is divided by 111?
64
Calculate the remainder when 128 is divided by 87.
41
What is the remainder when 133 is divided by 46?
41
Calculate the remainder when 619 is divided by 312.
307
Calculate the remainder when 312 is divided by 21.
18
Calculate the remainder when 566 is divided by 8.
6
Calculate the remainder when 516 is divided by 37.
35
Calculate the remainder when 13337 is divided by 115.
112
Calculate the remainder when 78 is divided by 16.
14
What is the remainder when 345 is divided by 12?
9
Calculate the remainder when 1862 is divided by 69.
68
What is the remainder when 438 is divided by 12?
6
Calculate the remainder when 244 is divided by 32.
20
Calculate the remainder when 21 is divided by 6.
3
What is the remainder when 87 is divided by 30?
27
What is the remainder when 172 is divided by 29?
27
What is the remainder when 331 is divided by 60?
31
What is the remainder when 397 is divided by 50?
47
Calculate the remainder when 7953 is divided by 44.
33
What is the remainder when 361 is divided by 13?
10
Calculate the remainder when 273 is divided by 70.
63
Calculate the remainder when 2970 is divided by 142.
130
What is the remainder when 170 is divided by 29?
25
What is the remainder when 4248 is divided by 10?
8
Calculate the remainder when 2025 is divided by 39.
36
Calculate the remainder when 45 is divided by 28.
17
What is the remainder when 317 is divided by 14?
9
Calculate the remainder when 618 is divided by 593.
25
Calculate the remainder when 3811 is divided by 951.
7
What is the remainder when 849 is divided by 57?
51
Calculate the remainder when 105 is divided by 30.
15
Calculate the remainder when 132 is divided by 23.
17
What is the remainder when 1001 is divided by 7?
0
Calculate the remainder when 44 is divided by 24.
20
Calculate the remainder wh